i = -2*i - 3*y + 16. What is the remainder when m is divided by i?
12
Let k(t) = 2*t**3 - t**2 + 4*t - 5. What is the remainder when (-1)/(-1*(-3)/(-129)) is divided by k(2)?
13
Suppose 5*p + 2 = 6*p. What is the remainder when p/((-53)/18 + 3) is divided by 21?
15
What is the remainder when 282 is divided by 8/(-1) - (-61 - -31)?
18
Let u = 18 + -3. Let p be 6/(-1 + u/6). What is the remainder when 33 is divided by p/((20/(-12))/(-5))?
9
Suppose -11 = 4*r - 2*a + 73, 5*r = 4*a - 99. Let m be 686/10 - 14/(-35). Let f = m + r. What is the remainder when f is divided by 24?
22
Suppose 0*p - c + 338 = 3*p, 0 = -5*c + 10. Let z = p + -4. Calculate the remainder when z is divided by 22.
20
Let b = -5 - -7. Suppose 0 = b*x + 2*x - 60. What is the remainder when 28 is divided by x?
13
Let w be 383/(-11) + (-4)/22. Let d(y) = -y**2 + 8*y + 8. Let s be d(-6). Let c = w - s. What is the remainder when c is divided by 14?
13
Let h be (-75)/27 + 2/(-9) - -7. Calculate the remainder when 23 is divided by (-2 - h/16)/((-3)/12).
5
Suppose 40*k - 2*k = 5282. What is the remainder when k is divided by 4?
3
Let i = -24 + 47. Suppose 582*r = 562*r + 260. What is the remainder when i is divided by r?
10
Let b(n) = -20*n + 237. Calculate the remainder when b(8) is divided by 26.
25
Let p(f) = -2*f**2 + f + 15. Let l be p(0). Calculate the remainder when 588/l - (-12)/15 is divided by 14.
12
Let z(a) = -201*a - 30. What is the remainder when 521 is divided by z(-1)?
8
What is the remainder when (-36)/(-24)*((-4)/(-2) - -74) is divided by 53?
8
Let k(c) be the third derivative of 7*c**5/15 + c**4/24 + c**3/3 - c**2. Calculate the remainder when k(-1) is divided by 10.
9
Suppose 0 = 4*r - 35 + 7. Let o(n) = -n**3 - 28*n**2 + 90*n - 68. Calculate the remainder when o(-31) is divided by r.
4
Suppose -7 = -f + 17. Suppose 4*l = -2*k, -5 = -5*l - 0*l. What is the remainder when f is divided by (-1)/k + 27/2?
10
Let h = -102 + 127. Calculate the remainder when 3/15 + (-10)/h*-257 is divided by 26.
25
Let c(a) = 2*a**2 + 47*a + 3. What is the remainder when 74 is divided by c(-24)?
20
Suppose z + 2*k - 70 = 0, -z + 61 = 6*k - 7*k. What is the remainder when 829 is divided by z?
61
Suppose 0 = 14*q - 19*q + 235. Let b(p) = 2*p**3 - p - 2. Let t = 24 + -22. What is the remainder when q is divided by b(t)?
11
Suppose -831*q = -824*q - 973. What is the remainder when q is divided by 42?
13
Let b be 37 - (0 + (-4 - -1)). Let f = -16 + b. Calculate the remainder when 89 is divided by f.
17
Suppose -7 = n - 2*q, n = 4*n - 4*q + 11. Suppose 2*w - n*w + 59 = 0. What is the remainder when w is divided by 9?
5
Let s(a) = -a**3 - 9*a**2 - a - 3. Suppose -4*g = -g - 99. Calculate the remainder when s(-9) is divided by (-1 + -1)*g/(-22).
0
Suppose 4*b - 34 = 18. Suppose -12*y = -b*y + 34. Calculate the remainder when y + -8 - (-2 - 1) is divided by 6.
5
Suppose -7*q - 3*l - 2 = -5*q, -3*l = 3*q. What is the remainder when 155 is divided by q?
1
Suppose -8*g + 323 = -213. Calculate the remainder when 123 is divided by g.
56
Let u(z) = z**3 - 26*z**2 - 58*z + 70. What is the remainder when 103 is divided by u(28)?
5
Let n be (2/(-4))/((-6)/1824). Let o = -88 + n. Let y = o - 34. What is the remainder when 117 is divided by y?
27
Suppose -5*q - 3*k + 2*k = -22, -2*k - 1 = q. Let d(m) = 20*m - 18. Calculate the remainder when d(q) is divided by 14.
12
Suppose 3*y + 5 = -4*j, 0*y + 4*y = j - 13. Let l(p) = -24*p + 178. What is the remainder when -1 + j + -1 - -30 is divided by l(7)?
9
Let k(o) be the third derivative of -7/24*o**4 + o**3 - 2/15*o**5 + 0 + 3*o**2 - 1/120*o**6 + 0*o. What is the remainder when k(-7) is divided by 3?
0
Suppose 2*m + 4 = 16. Suppose -2*h = -w + 2, 7*h - 8*h + 4*w - 1 = 0. Let b = h + m. Calculate the remainder when 9 is divided by b.
4
Let t(u) = 2*u + 16. Let p be t(-5). Calculate the remainder when ((-132)/(-55))/(p/40) is divided by 6.
4
Let z(r) = -2*r**3 + r**2 - 2*r + 7. Calculate the remainder when z(-4) is divided by 8.
7
Let j(y) = 3*y**2 + 1 - 2*y + y - 5 + 2*y**2. Let d be j(4). What is the remainder when 2/(-6)*(3 - d) is divided by 6?
5
Let c = 21 - 18. Suppose -6 = 45*k - 48*k. What is the remainder when c is divided by k?
1
Suppose -3*y + 97 = 2*a, 4*a - 152 = 4*y + 32. Let k = -25 + a. What is the remainder when k is divided by 8?
6
What is the remainder when 386928/1224 - (-2)/(-17) is divided by 75?
16
What is the remainder when 57 is divided by 6*((-15)/3 - -7)?
9
Let g(o) = o**3 - 22*o**2 + 17*o - 187. What is the remainder when g(22) is divided by 52?
31
Suppose 4*v = 3*q - 235, -4*v + 2*v + q = 115. What is the remainder when 26 is divided by (-407)/v - (-2)/(-5)?
5
Suppose 88*k = 80*k + 160. Calculate the remainder when 75 is divided by k.
15
Suppose 40*w = 41*w - 3*i - 20, -3*w + 144 = 3*i. Suppose 85 + 275 = 3*s. Calculate the remainder when s is divided by w.
38
Calculate the remainder when ((-622)/(-6))/(8 - (-253)/(-33)) is divided by 63.
59
Let s(w) be the third derivative of w**5/60 - 7*w**4/24 + 3*w**3/2 + 7*w**2. Calculate the remainder when 32 is divided by s(7).
5
Suppose -3*n - 2*o = 5*n - 72, 0 = 2*n - o - 18. Let t(b) = 8*b**2 + 5*b - 3. Let r be t(3). What is the remainder when (1/(-2))/((-3)/r) is divided by n?
5
Suppose 4*g = -0*g - 2*x - 22, 0 = -g - 3*x - 18. Let i(m) = 2*m**2 + 2*m + 7. Calculate the remainder when i(g) is divided by 5.
4
Let o(j) be the second derivative of 1/6*j**4 + 5*j - j**2 + j**3 + 0. Calculate the remainder when o(-7) is divided by 28.
26
Suppose 0 = -21*y + 17*y - 40. Let i = y - -36. What is the remainder when i is divided by 8?
2
Let g be (-14)/(-6) + 2/(-6). Calculate the remainder when 17 is divided by 4 - (-3 - (g - 4)).
2
Let q(t) = -t**3 + t**2 + t + 3. Let u be q(0). Let y(d) = -d**2 - 7*d + 16. Let c be y(-8). Let h = u + c. What is the remainder when h is divided by 7?
4
Suppose 3*z - 2*s = -3*s + 46, 5*s - 90 = -5*z. Calculate the remainder when z is divided by 6.
2
Let x be 1/(-4) - (-6130)/40. Suppose t + 2*t = x. Suppose 4*l - 82 = 26. What is the remainder when t is divided by l?
24
Let m = -11 + 2. Let q = m - -10. Let t = q - -7. Calculate the remainder when 22 is divided by t.
6
Let i = 144 + -18. Calculate the remainder when i is divided by 10.
6
Suppose -7*p = -462 + 49. Calculate the remainder when 168 is divided by p.
50
Suppose 352 = 2*t + 2*p, -2*p = 3*p - 10. Calculate the remainder when t is divided by 35.
34
Let b(k) be the second derivative of 0 - 3/2*k**2 + 5*k + 1/4*k**4 - 1/2*k**3. What is the remainder when b(4) is divided by 18?
15
Suppose 0 = -11*i + 6*i - i. Suppose 0 = 3*s - 2*m - 3*m - 44, i = -s + 4*m + 24. Let q = -122 + 177. What is the remainder when q is divided by s?
7
Calculate the remainder when 78 is divided by ((-12)/(-8))/((-7)/(1064/(-6))).
2
Let o = 9 + 20. Let d = -11 + 19. Suppose -k - 1 + 13 = -a, 0 = -2*a + d. What is the remainder when o is divided by k?
13
Suppose -5*r + 15 = -2*d, -4*d + 2 = r - 1. Let b be r/(-1) - (-8 - -5). Suppose 2*x + 3*x - 65 = b. Calculate the remainder when 36 is divided by x.
10
Let w(b) = 13 + 6*b - 2*b**2 - 2*b - 4 + b**2. Let z be w(6). Calculate the remainder when 74 is divided by (-1)/(290/(-95) - z).
17
Let y(t) = -t**2 - 14*t + 19. Calculate the remainder when 71 is divided by y(-15).
3
Suppose 3*d - 5*v = 2778, 6*v + 1730 = 4*d - 1972. What is the remainder when d is divided by 42?
39
Calculate the remainder when 323 is divided by (2 + 64)/(2 + 2 + -3).
59
Let x be (4 - (-1 + 5))/(-1). Suppose 6*o - o - 95 = x. What is the remainder when 56 is divided by o?
18
Let w = -96 + 96. Suppose 3*y - 20 - 292 = w. Calculate the remainder when y is divided by 27.
23
Suppose -4 = -s + 4*j, 2*j - 59 = -2*s - 1. Let a = s - 13. Suppose 1223 = 5*i + 1098. What is the remainder when i is divided by a?
3
Let s be 2/(-10) + ((-144)/(-20) - 4). Suppose -s*p = -p - 48. Calculate the remainder when 95 is divided by p.
23
Let z = -259 + 718. What is the remainder when z is divided by 14?
11
Suppose 0 = 14*u - 330 - 524. Suppose 6 = -5*v + 111. Calculate the remainder when u is divided by v.
19
Suppose 0 = -3*g - s + 25, 3*g - 5*s + 0*s - 55 = 0. Calculate the remainder when g is divided by ((7 - 3) + -3)*3.
1
Calculate 